t common divisor of c and 20?
10
Let k = 20 - 12. Let b(z) = -34*z - 12. Let w be b(-2). Calculate the highest common divisor of k and w.
8
Let l = 602 - 410. Let r = l + -111. Calculate the greatest common factor of r and 9.
9
Let p(y) = 62*y - 4. Let u be p(2). Calculate the highest common divisor of 48 and u.
24
Let b(n) = 35*n + 8. Let h be b(-7). Let z = h - -349. Calculate the highest common divisor of z and 14.
14
Suppose -3*f + 394 - 1 = 3*n, 125 = f - n. What is the greatest common divisor of 4 and f?
4
Suppose 4*c - 4*d + 16 = 0, 4*d - 4 = -2*c - 0*c. Let j be (-1622)/(-14) - c/14. Suppose -2*l + 6*l - j = 0. Calculate the highest common divisor of 116 and l.
29
Let x be (-5*2/(-5))/(-3 - -4). Calculate the highest common divisor of 11 and x.
1
Suppose 8*n = 11 + 229. What is the highest common divisor of 6 and n?
6
Let c(j) = -j + 28. Let p be c(12). Calculate the greatest common divisor of p and 304.
16
Let d be (0 - -35) + -17 + 14. What is the highest common divisor of 352 and d?
32
Let a = 144 - 96. What is the highest common factor of a and 528?
48
Let d(c) = -11 + 15 + 8 + 12 - 6*c. Let s be d(-17). What is the greatest common factor of 14 and s?
14
Let y be (-54)/(-2) - (0 + 1). Let s(k) = -k**3 + 9*k**2 - k - 13. Let t be s(7). What is the greatest common factor of t and y?
26
Let x be (4/(-6))/((-15)/351)*5. What is the highest common factor of x and 52?
26
Let n be 1 + (-3)/(-1 + 0). Let m = n + -1. Let x(o) = 3*o**3 - 3*o**2 - 3. Let b be x(m). What is the greatest common factor of 34 and b?
17
Let i(j) = -11*j - 2. Let t be i(-4). Suppose 3*q + 2 - t = -4*f, 4*f = -4*q + 40. Calculate the highest common factor of f and 20.
10
Let v = -2 - -17. Let n be 9/15 - (-81)/v. What is the greatest common factor of n and 54?
6
Let t(o) = -o**3 + 7*o**2 - 6*o - 2. Let j be t(5). What is the highest common divisor of 2 and j?
2
Let a(w) be the second derivative of -w**3/6 + 3*w**2/2 - w. Let b be a(3). Let c = 45 + b. Calculate the greatest common divisor of 9 and c.
9
Let s be (-1)/((-24)/32)*(-90)/(-4). What is the highest common factor of s and 20?
10
Let d = 29 - 27. What is the greatest common factor of 2 and d?
2
Let v be 13/(-4) + (-4)/(-16). Let c be (v/4)/(1/(-44)). Calculate the greatest common factor of c and 11.
11
Let w(k) = -3*k - 3. Suppose 2*p + 6 = -2. Let d be w(p). What is the highest common factor of 18 and d?
9
Let h be 596/28 - 2/7. Calculate the greatest common factor of 3 and h.
3
Let v(x) = x + 10. Let q be v(-5). Let b = -1 + q. Let y be 1*(b - 3) + 45. What is the greatest common divisor of 115 and y?
23
Let f(n) = n. Let u be f(8). Let s be (-14)/35 - 22/(-5). Calculate the highest common factor of u and s.
4
Suppose -4*a + 624 = -1112. Calculate the highest common divisor of a and 14.
14
Let s = -1212 + 2170. Let h be s/8 + 6/24. What is the highest common divisor of 30 and h?
30
Suppose -3*h - 4*k + 23 = 0, 4*h - 12 = 2*h - 2*k. Calculate the highest common divisor of 7 and h.
1
Let c = -7 + 9. Suppose -4*p = c*f - 105 - 5, 4*p = 5*f + 145. Calculate the greatest common divisor of p and 75.
15
Suppose 1359 = 14*d - 951. What is the highest common divisor of d and 15?
15
Suppose -z - 4*z = 50. Let q = -6 - z. Let n be (1*60)/(6/4). Calculate the highest common divisor of q and n.
4
Suppose 301 + 485 = 5*y + n, -4*y + 629 = n. Let l = -88 + y. Let h = l + -24. What is the highest common divisor of h and 15?
15
Let f(k) = -k**3 + 5*k**2 + 2*k. Let r be f(5). What is the highest common divisor of r and 40?
10
Let k = -10 - -5. Let b = k + 20. Calculate the highest common divisor of b and 165.
15
Suppose -p = -349 + 93. Calculate the greatest common divisor of 32 and p.
32
Let c be (-105)/7*(-36)/10. What is the greatest common divisor of 36 and c?
18
Let z = 58 + -40. What is the highest common divisor of z and 3?
3
Let p be 74/8 + 3/(-12). What is the greatest common divisor of 72 and p?
9
Suppose 33*b - 8 = 29*b. Let g(y) = -y + 8. Let r be g(-6). Calculate the greatest common factor of b and r.
2
Let v(p) = -2*p**2 - 5*p + 6. Let o be v(6). Let h be o/4*(-2)/4. Calculate the greatest common factor of h and 30.
6
Suppose -2*v - 179 = 25. Let m = 193 + v. Let s be 93/7 - (-4)/(-14). Calculate the greatest common factor of m and s.
13
Suppose -5*o + 2*j + 531 = 0, -j - 6 = j. Let y = -6 - -11. Suppose y*z - 62 = 13. What is the greatest common divisor of o and z?
15
Suppose -2 = 4*h + 3*o - 1, 2*o = -3*h. What is the highest common factor of 1 and h?
1
Let a(r) = r**2 - 27*r - 46. Let p be a(29). Let t = 13 + 17. Calculate the greatest common divisor of t and p.
6
Let i(v) = -v - 8. Let s = -11 - -2. Let u be i(s). Calculate the greatest common factor of 11 and u.
1
Let y(k) be the third derivative of k**5/60 - k**4/24 + k**3/6 + 3*k**2. Let h be y(2). Calculate the highest common divisor of 15 and h.
3
Let g be 8/20 - (-8)/5. Suppose -g*b + 176 = 2*b. Calculate the highest common factor of 11 and b.
11
Suppose 77 = 2*f + 3*a, -f + 22 = 3*a - 15. What is the highest common divisor of 10 and f?
10
Suppose 5*l = -2*o + 27 + 4, 5*o + 2*l = 88. Calculate the highest common divisor of 12 and o.
6
Suppose -5*f = -20, 3*f + 199 = o - f. What is the greatest common factor of o and 43?
43
Let q = 33 + -19. Suppose 3*l + 5*n - 37 = q, -5*l + 2*n + 116 = 0. What is the highest common divisor of l and 2?
2
Let q = 0 + -3. Let h be q*(-21)/(-18)*-4. Calculate the greatest common factor of 7 and h.
7
Suppose 0 = -d + 4. Let c be (2/(-1) + -2)*-2. Calculate the greatest common divisor of d and c.
4
Let f(x) = 30*x**3 - x**2 + x. Let b be f(1). Suppose 3*l - 20 = -2. What is the highest common factor of b and l?
6
Let j(b) = -b - 3. Let z be j(-11). What is the highest common divisor of 64 and z?
8
Suppose 4*w - 52 = -2*y, -4*w + 5*y - y + 28 = 0. What is the greatest common factor of w and 1?
1
Let f(u) = 3*u**3 - 2*u**2 - 7. Let s be f(3). Calculate the greatest common divisor of s and 7.
7
Suppose 5*z - 27 = 183. Let j be 2 - (1 + 3 + -8). Calculate the greatest common divisor of z and j.
6
Suppose 5*m = -2*a - 2, -13 = a - 3*m - 1. Let d be ((-3)/4)/(a/16). Let l be (-7)/(-4) + 2/8. Calculate the highest common divisor of d and l.
2
Let h = -8 + 7. Let k(u) = -21*u**3 + u**2 + 2*u + 1. Let t be k(h). Let y be 7 - (-1 - -1)/2. Calculate the highest common divisor of y and t.
7
Let q(k) be the third derivative of k**4/24 + 5*k**3/3 - 3*k**2. Let b be q(-7). Let o be 4*b*(-26)/(-24). What is the greatest common divisor of o and 13?
13
Let h(p) = p + 5. Let r be -1 + 2 - (-1)/(-1). Let o be h(r). Suppose -90 = -5*u + 2*l, -o*u + 59 = 3*l - 6. Calculate the greatest common divisor of 128 and u.
16
Suppose 5*p + 114 - 604 = 0. Calculate the highest common factor of p and 14.
14
Let p(t) = -7*t - 19. Let a be p(-9). What is the greatest common divisor of a and 4?
4
Let v(x) = 3*x. Let u(j) = 2*j. Let r(p) = -5*u(p) + 2*v(p). Let a be r(-4). Let q be -1 + (a - (1 - 2)). Calculate the highest common divisor of 144 and q.
16
Let o(f) = f + 80. Let c be o(0). Let b be 31/4 - (-8)/32. Suppose -c = -2*r + b. What is the highest common divisor of 4 and r?
4
Suppose 50 = -78*c + 88*c. Let g = -20 + 12. Let f be -1 + 2 - (g + -1). Calculate the highest common factor of f and c.
5
Let q = 18 - 4. Let z be ((-44)/q)/(2/(-14)). What is the highest common factor of z and 55?
11
Let g(u) be the first derivative of u**4 + 2*u**3/3 - u**2/2 - 2. Let b be g(1). Let j be 38/b + (-4)/(-10). Calculate the highest common divisor of 2 and j.
2
Suppose -5*i + 94 = -106. Calculate the highest common factor of i and 100.
20
Let s(u) = -u + 12. Let d = -11 - -16. Let a(l) = l - 5. Let p be a(d). Let b be s(p). Calculate the greatest common divisor of b and 36.
12
Let u(t) = -t + 20. Suppose 0 = -3*w + 2*b + 8, 0 = 5*w - 5*b - 31 + 11. Let n be u(w). Calculate the greatest common factor of 10 and n.
10
Let k(m) = 13 - 7*m + 9*m**2 - 4*m + 10*m**2 - 20*m**2. Let h be k(-12). Let j = -2 - -3. What is the highest common divisor of j and h?
1
Let x be (-10)/4*12/10 + 307. What is the greatest common factor of 16 and x?
16
Let u = 199 - 419. Let b be -2 + 2 + u/(-1). Suppose -d - d - 2*r = -38, -2*r + 98 = 5*d. Calculate the greatest common divisor of 